{"id":102,"date":"2019-04-28T14:16:33","date_gmt":"2019-04-28T12:16:33","guid":{"rendered":"https:\/\/magjuliastammer.wordpress.com\/?page_id=102"},"modified":"2019-05-26T20:54:04","modified_gmt":"2019-05-26T20:54:04","slug":"psychologischeberatung","status":"publish","type":"page","link":"http:\/\/www.JuliaStammer.com\/?page_id=102","title":{"rendered":"Psychologische Beratung"},"content":{"rendered":"<p><span style=\"color: #000000;\"><span lang=\"de-AT\">Die psychologische Beratung setzt Untersuchungs- und Behandlungsmethoden ein, die auf Basis wissenschaftlicher Erkenntnisse gewonnen wurden. Als Arbeits-, Klinische- &amp; Gesundheitspsychologin kann die psychologische Beratung sowohl arbeitsbezogen oder-\/ und gesundheitsbezogen sein.<\/span><\/span><\/p>\n<p><span style=\"color: #000000;\"><span lang=\"de-AT\">Wann sind Sie hier richtig? <\/span><\/span><\/p>\n<ul>\n<li><span style=\"color: #000000;\"><span lang=\"de-AT\">Wenn Sie vor einem konkreten Problem stehen, dass Sie mit Beratung und ein wenig Ansto\u00df von au\u00dfen l\u00f6sen m\u00f6chten z.B. bei einem Wunsch nach beruflicher Weiterentwicklung, bei Entscheidungsunsicherheiten etc.<\/span><\/span><\/li>\n<li><span style=\"color: #000000;\"><span lang=\"de-AT\">Wenn Sie sich Beratung im Umgang mit Angeh\u00f6rigen und\/oder Freunden w\u00fcnschen z.B. jemand ist erkrankt, ein Pflegefall, hat Beziehungsprobleme etc.<\/span><\/span><\/li>\n<li><span style=\"color: #000000;\"><span lang=\"de-AT\">Wenn Sie sich Beratung hinsichtlich Ihres Familienalltags w\u00fcnschen z.B. im Umgang mit Ihrem Kind geraten Sie immer wieder an Ihre Grenzen, Sie f\u00fchlen sich durch die Doppelbelastung gestresst etc.<\/span><\/span><\/li>\n<li><span style=\"color: #000000;\"><span lang=\"de-AT\">Wenn Sie sich mehr Entspannung und einen besseren Umgang mit Stress w\u00fcnschen.<\/span><\/span><\/li>\n<\/ul>\n","protected":false},"excerpt":{"rendered":"<p>Die psychologische Beratung setzt Untersuchungs- und Behandlungsmethoden ein, die auf Basis wissenschaftlicher Erkenntnisse gewonnen wurden. Als Arbeits-, Klinische- &amp; Gesundheitspsychologin kann die psychologische Beratung sowohl arbeitsbezogen oder-\/ und gesundheitsbezogen sein. Wann sind Sie hier richtig? Wenn Sie vor einem konkreten Problem stehen, dass Sie mit Beratung und ein wenig Ansto\u00df [&hellip;]<\/p>\n","protected":false},"author":2,"featured_media":0,"parent":94,"menu_order":0,"comment_status":"closed","ping_status":"closed","template":"","meta":{"footnotes":""},"class_list":["post-102","page","type-page","status-publish","hentry"],"_links":{"self":[{"href":"http:\/\/www.JuliaStammer.com\/index.php?rest_route=\/wp\/v2\/pages\/102","targetHints":{"allow":["GET"]}}],"collection":[{"href":"http:\/\/www.JuliaStammer.com\/index.php?rest_route=\/wp\/v2\/pages"}],"about":[{"href":"http:\/\/www.JuliaStammer.com\/index.php?rest_route=\/wp\/v2\/types\/page"}],"author":[{"embeddable":true,"href":"http:\/\/www.JuliaStammer.com\/index.php?rest_route=\/wp\/v2\/users\/2"}],"replies":[{"embeddable":true,"href":"http:\/\/www.JuliaStammer.com\/index.php?rest_route=%2Fwp%2Fv2%2Fcomments&post=102"}],"version-history":[{"count":2,"href":"http:\/\/www.JuliaStammer.com\/index.php?rest_route=\/wp\/v2\/pages\/102\/revisions"}],"predecessor-version":[{"id":295,"href":"http:\/\/www.JuliaStammer.com\/index.php?rest_route=\/wp\/v2\/pages\/102\/revisions\/295"}],"up":[{"embeddable":true,"href":"http:\/\/www.JuliaStammer.com\/index.php?rest_route=\/wp\/v2\/pages\/94"}],"wp:attachment":[{"href":"http:\/\/www.JuliaStammer.com\/index.php?rest_route=%2Fwp%2Fv2%2Fmedia&parent=102"}],"curies":[{"name":"wp","href":"https:\/\/api.w.org\/{rel}","templated":true}]}}